{"id":430,"date":"2026-01-18T10:43:34","date_gmt":"2026-01-18T10:43:34","guid":{"rendered":"https:\/\/lauramanzanera.com\/?page_id=430"},"modified":"2026-02-24T18:47:42","modified_gmt":"2026-02-24T18:47:42","slug":"informacion-libros","status":"publish","type":"page","link":"https:\/\/lauramanzanera.com\/?page_id=430","title":{"rendered":"Quien ha matado a Agatha Christie"},"content":{"rendered":"\n<div class=\"wp-block-columns is-layout-flex wp-container-core-columns-is-layout-9d6595d7 wp-block-columns-is-layout-flex\">\n<div class=\"wp-block-column is-layout-flow wp-block-column-is-layout-flow\" style=\"flex-basis:33.33%\">\n<figure class=\"wp-block-image size-large\"><img loading=\"lazy\" decoding=\"async\" width=\"652\" height=\"1024\" src=\"https:\/\/lauramanzanera.com\/wp-content\/uploads\/2026\/01\/agatha-tamano-652x1024.jpg\" alt=\"\" class=\"wp-image-481\" srcset=\"https:\/\/lauramanzanera.com\/wp-content\/uploads\/2026\/01\/agatha-tamano-652x1024.jpg 652w, https:\/\/lauramanzanera.com\/wp-content\/uploads\/2026\/01\/agatha-tamano-191x300.jpg 191w, https:\/\/lauramanzanera.com\/wp-content\/uploads\/2026\/01\/agatha-tamano-768x1206.jpg 768w, https:\/\/lauramanzanera.com\/wp-content\/uploads\/2026\/01\/agatha-tamano-978x1536.jpg 978w, https:\/\/lauramanzanera.com\/wp-content\/uploads\/2026\/01\/agatha-tamano.jpg 1019w\" sizes=\"auto, (max-width: 652px) 100vw, 652px\" \/><\/figure>\n<\/div>\n\n\n\n<div class=\"wp-block-column is-layout-flow wp-block-column-is-layout-flow\" style=\"flex-basis:66.66%\">\n<details class=\"wp-block-details is-layout-flow wp-block-details-is-layout-flow\"><summary><a><strong>Inglaterra, diciembre de 1926<\/strong><\/a><br>Mientras el pa\u00eds trata de recomponerse de la gran huelga que paraliz\u00f3 Gran Breta\u00f1a, un criminal comienza a actuar. La prensa no tarda en bautizarlo como el Asesino del Carb\u00f3n.<br>Al mismo tiempo, Inglaterra entera contiene la respiraci\u00f3n: la c\u00e9lebre escritora Agatha Christie ha desaparecido. La polic\u00eda organiza batidas para encontrarla, su marido no parece especialmente afectado y las pistas se contradicen. Todo apunta a un crimen\u2026 pero la verdad es mucho m\u00e1s turbadora. Scotland Yard la ha reclutado en secreto para ayudar a atrapar al asesino, junto a la brillante y exc\u00e9ntrica comisaria Thelma Barnes.<br><strong>Basada en hechos reales, esta novela ofrece una mirada audaz al episodio m\u00e1s enigm\u00e1tico de la vida de Agatha Christie \u2014del que ella nunca quiso hablar\u2014 y plantea una pregunta inquietante: \u00bfhasta d\u00f3nde puede llegar alguien cuando ya no tiene nada que perder?<\/strong><\/summary>\n<p><\/p>\n<\/details>\n<\/div>\n<\/div>\n\n\n\n<p><a href=\"https:\/\/www.ed-versatil.com\/narrativa\/quien-ha-matado-a-agatha-christie\">Vers\u00e1til<\/a>, 2026<\/p>\n\n\n\n\n\n<p><\/p>\n","protected":false},"excerpt":{"rendered":"<p>Vers\u00e1til, 2026<\/p>\n","protected":false},"author":2,"featured_media":433,"parent":0,"menu_order":0,"comment_status":"closed","ping_status":"closed","template":"","meta":{"footnotes":""},"class_list":["post-430","page","type-page","status-publish","has-post-thumbnail","hentry"],"_links":{"self":[{"href":"https:\/\/lauramanzanera.com\/index.php?rest_route=\/wp\/v2\/pages\/430","targetHints":{"allow":["GET"]}}],"collection":[{"href":"https:\/\/lauramanzanera.com\/index.php?rest_route=\/wp\/v2\/pages"}],"about":[{"href":"https:\/\/lauramanzanera.com\/index.php?rest_route=\/wp\/v2\/types\/page"}],"author":[{"embeddable":true,"href":"https:\/\/lauramanzanera.com\/index.php?rest_route=\/wp\/v2\/users\/2"}],"replies":[{"embeddable":true,"href":"https:\/\/lauramanzanera.com\/index.php?rest_route=%2Fwp%2Fv2%2Fcomments&post=430"}],"version-history":[{"count":22,"href":"https:\/\/lauramanzanera.com\/index.php?rest_route=\/wp\/v2\/pages\/430\/revisions"}],"predecessor-version":[{"id":734,"href":"https:\/\/lauramanzanera.com\/index.php?rest_route=\/wp\/v2\/pages\/430\/revisions\/734"}],"wp:featuredmedia":[{"embeddable":true,"href":"https:\/\/lauramanzanera.com\/index.php?rest_route=\/wp\/v2\/media\/433"}],"wp:attachment":[{"href":"https:\/\/lauramanzanera.com\/index.php?rest_route=%2Fwp%2Fv2%2Fmedia&parent=430"}],"curies":[{"name":"wp","href":"https:\/\/api.w.org\/{rel}","templated":true}]}}

<div class="wp-block-columns is-layout-flex wp-container-core-columns-is-layout-9d6595d7 wp-block-columns-is-layout-flex">
<div class="wp-block-column is-layout-flow wp-block-column-is-layout-flow" style="flex-basis:33.33%">
<figure class="wp-block-image size-large"><img loading="lazy" decoding="async" width="652" height="1024" src="https://lauramanzanera.com/wp-content/uploads/2026/01/agatha-tamano-652x1024.jpg" alt="" class="wp-image-481" srcset="https://lauramanzanera.com/wp-content/uploads/2026/01/agatha-tamano-652x1024.jpg 652w, https://lauramanzanera.com/wp-content/uploads/2026/01/agatha-tamano-191x300.jpg 191w, https://lauramanzanera.com/wp-content/uploads/2026/01/agatha-tamano-768x1206.jpg 768w, https://lauramanzanera.com/wp-content/uploads/2026/01/agatha-tamano-978x1536.jpg 978w, https://lauramanzanera.com/wp-content/uploads/2026/01/agatha-tamano.jpg 1019w" sizes="auto, (max-width: 652px) 100vw, 652px" /></figure>
</div>



<div class="wp-block-column is-layout-flow wp-block-column-is-layout-flow" style="flex-basis:66.66%">
<details class="wp-block-details is-layout-flow wp-block-details-is-layout-flow"><summary><a><strong>Inglaterra, diciembre de 1926</strong></a><br>Mientras el país trata de recomponerse de la gran huelga que paralizó Gran Bretaña, un criminal comienza a actuar. La prensa no tarda en bautizarlo como el Asesino del Carbón.<br>Al mismo tiempo, Inglaterra entera contiene la respiración: la célebre escritora Agatha Christie ha desaparecido. La policía organiza batidas para encontrarla, su marido no parece especialmente afectado y las pistas se contradicen. Todo apunta a un crimen… pero la verdad es mucho más turbadora. Scotland Yard la ha reclutado en secreto para ayudar a atrapar al asesino, junto a la brillante y excéntrica comisaria Thelma Barnes.<br><strong>Basada en hechos reales, esta novela ofrece una mirada audaz al episodio más enigmático de la vida de Agatha Christie —del que ella nunca quiso hablar— y plantea una pregunta inquietante: ¿hasta dónde puede llegar alguien cuando ya no tiene nada que perder?</strong></summary>
<p></p>
</details>
</div>
</div>



<p><a href="https://www.ed-versatil.com/narrativa/quien-ha-matado-a-agatha-christie">Versátil</a>, 2026</p>





<p></p>

<p>Versátil, 2026</p>
