{"id":483,"date":"2026-01-18T16:40:34","date_gmt":"2026-01-18T16:40:34","guid":{"rendered":"https:\/\/lauramanzanera.com\/?page_id=483"},"modified":"2026-02-24T18:48:03","modified_gmt":"2026-02-24T18:48:03","slug":"483-2","status":"publish","type":"page","link":"https:\/\/lauramanzanera.com\/?page_id=483","title":{"rendered":"Sherlock Holmes"},"content":{"rendered":"\n\n\n<div class=\"wp-block-columns is-layout-flex wp-container-core-columns-is-layout-9d6595d7 wp-block-columns-is-layout-flex\">\n<div class=\"wp-block-column is-layout-flow wp-block-column-is-layout-flow\" style=\"flex-basis:33.33%\">\n<figure class=\"wp-block-image size-large\"><img loading=\"lazy\" decoding=\"async\" width=\"652\" height=\"1024\" src=\"https:\/\/lauramanzanera.com\/wp-content\/uploads\/2026\/01\/Sherlock-tamano-652x1024.jpg\" alt=\"\" class=\"wp-image-472\" srcset=\"https:\/\/lauramanzanera.com\/wp-content\/uploads\/2026\/01\/Sherlock-tamano-652x1024.jpg 652w, https:\/\/lauramanzanera.com\/wp-content\/uploads\/2026\/01\/Sherlock-tamano-191x300.jpg 191w, https:\/\/lauramanzanera.com\/wp-content\/uploads\/2026\/01\/Sherlock-tamano-768x1206.jpg 768w, https:\/\/lauramanzanera.com\/wp-content\/uploads\/2026\/01\/Sherlock-tamano-978x1536.jpg 978w, https:\/\/lauramanzanera.com\/wp-content\/uploads\/2026\/01\/Sherlock-tamano.jpg 1019w\" sizes=\"auto, (max-width: 652px) 100vw, 652px\" \/><\/figure>\n<\/div>\n\n\n\n<div class=\"wp-block-column is-layout-flow wp-block-column-is-layout-flow\" style=\"flex-basis:66.66%\">\n<details class=\"wp-block-details is-layout-flow wp-block-details-is-layout-flow\"><summary>Todo personaje literario es fruto de un tiempo y de un lugar. Sherlock Holmes est\u00e1 inevitablemente ligado a la Inglaterra victoriana y al Londres del siglo XIX. Scotland Yard, el tel\u00e9grafo, los trenes a vapor o el consumo de opio son elementos habituales en sus historias. Conocer qu\u00e9 le\u00edan o en qu\u00e9 ocupaban su tiempo libre los contempor\u00e1neos de Conan Doyle te ayudar\u00e1 a entender mejor las costumbres del detective y a disfrutar a\u00fan m\u00e1s de sus aventuras.<br>Descubre el Sherlock Holmes m\u00e1s elemental y enriquece tu visi\u00f3n sobre el investigador m\u00e1s famoso del mundo.<\/summary>\n<p><\/p>\n<\/details>\n<\/div>\n<\/div>\n\n\n\n<p><a href=\"https:\/\/www.editorialalma.com\/libros\/sherlock-holmes-el-londres-victoriano-bajo-la-lupa-del-detective\">Editorial Alma<\/a>, 2023<\/p>\n\n\n\n\n\n<p><\/p>\n","protected":false},"excerpt":{"rendered":"<p>Editorial Alma, 2023<\/p>\n","protected":false},"author":2,"featured_media":472,"parent":0,"menu_order":0,"comment_status":"closed","ping_status":"closed","template":"","meta":{"footnotes":""},"class_list":["post-483","page","type-page","status-publish","has-post-thumbnail","hentry"],"_links":{"self":[{"href":"https:\/\/lauramanzanera.com\/index.php?rest_route=\/wp\/v2\/pages\/483","targetHints":{"allow":["GET"]}}],"collection":[{"href":"https:\/\/lauramanzanera.com\/index.php?rest_route=\/wp\/v2\/pages"}],"about":[{"href":"https:\/\/lauramanzanera.com\/index.php?rest_route=\/wp\/v2\/types\/page"}],"author":[{"embeddable":true,"href":"https:\/\/lauramanzanera.com\/index.php?rest_route=\/wp\/v2\/users\/2"}],"replies":[{"embeddable":true,"href":"https:\/\/lauramanzanera.com\/index.php?rest_route=%2Fwp%2Fv2%2Fcomments&post=483"}],"version-history":[{"count":8,"href":"https:\/\/lauramanzanera.com\/index.php?rest_route=\/wp\/v2\/pages\/483\/revisions"}],"predecessor-version":[{"id":735,"href":"https:\/\/lauramanzanera.com\/index.php?rest_route=\/wp\/v2\/pages\/483\/revisions\/735"}],"wp:featuredmedia":[{"embeddable":true,"href":"https:\/\/lauramanzanera.com\/index.php?rest_route=\/wp\/v2\/media\/472"}],"wp:attachment":[{"href":"https:\/\/lauramanzanera.com\/index.php?rest_route=%2Fwp%2Fv2%2Fmedia&parent=483"}],"curies":[{"name":"wp","href":"https:\/\/api.w.org\/{rel}","templated":true}]}}