{"id":496,"date":"2026-01-18T17:06:52","date_gmt":"2026-01-18T17:06:52","guid":{"rendered":"https:\/\/lauramanzanera.com\/?page_id=496"},"modified":"2026-02-24T18:50:50","modified_gmt":"2026-02-24T18:50:50","slug":"insumisas","status":"publish","type":"page","link":"https:\/\/lauramanzanera.com\/?page_id=496","title":{"rendered":"Insumisas"},"content":{"rendered":"\n\n\n<div class=\"wp-block-columns is-layout-flex wp-container-core-columns-is-layout-9d6595d7 wp-block-columns-is-layout-flex\">\n<div class=\"wp-block-column is-layout-flow wp-block-column-is-layout-flow\" style=\"flex-basis:33.33%\">\n<figure class=\"wp-block-image size-large\"><img loading=\"lazy\" decoding=\"async\" width=\"652\" height=\"1024\" src=\"https:\/\/lauramanzanera.com\/wp-content\/uploads\/2026\/01\/Insumisas-tamano-652x1024.jpg\" alt=\"\" class=\"wp-image-476\" srcset=\"https:\/\/lauramanzanera.com\/wp-content\/uploads\/2026\/01\/Insumisas-tamano-652x1024.jpg 652w, https:\/\/lauramanzanera.com\/wp-content\/uploads\/2026\/01\/Insumisas-tamano-191x300.jpg 191w, https:\/\/lauramanzanera.com\/wp-content\/uploads\/2026\/01\/Insumisas-tamano-768x1206.jpg 768w, https:\/\/lauramanzanera.com\/wp-content\/uploads\/2026\/01\/Insumisas-tamano-978x1536.jpg 978w, https:\/\/lauramanzanera.com\/wp-content\/uploads\/2026\/01\/Insumisas-tamano.jpg 1019w\" sizes=\"auto, (max-width: 652px) 100vw, 652px\" \/><\/figure>\n<\/div>\n\n\n\n<div class=\"wp-block-column is-layout-flow wp-block-column-is-layout-flow\" style=\"flex-basis:66.66%\">\n<details class=\"wp-block-details is-layout-flow wp-block-details-is-layout-flow\"><summary>Cuando la \u00fanica forma de ser libre era vestirse como un hombre. \u00bfQu\u00e9 tienen en com\u00fan doncellas guerreras como Juana de Arco o Mulan, piratas como Mary Read y Anne Bonny, cient\u00edficas de la talla de Hipatia de Alejandr\u00eda, creadoras como Rosa Bonheur o Georges Sand y las poderosas reinas Hatshepsut y Cristina de Suecia? Pese a las dificultades de sus \u00e9pocas, todas estas mujeres se atrevieron a rebelarse contra la sociedad y transgredieron la principal \u00abnorma\u00bb de g\u00e9nero \u2015la vestimenta\u2015 para escapar de un matrimonio no deseado, librarse de los roles de esposa y madre, monja, criada o prostituta, desarrollar su pasi\u00f3n, perseguir el amor, defender una causa, ejercer su autoridad, conseguir un trabajo, huir de la miseria o, sencillamente, salvar la vida. Con un estilo ameno y riguroso, Laura Manzanera recoge en este libro las vidas y haza\u00f1as de estas insumisas, que, no conformes con el destino que la sociedad les hab\u00eda impuesto, se rebelaron e hicieron historia.<\/summary>\n<p><\/p>\n<\/details>\n<\/div>\n<\/div>\n\n\n\n<p><a href=\"https:\/\/principaldeloslibros.com\/index.php?id_product=245&amp;controller=product\">Principal de los Libros<\/a>, 2019<\/p>\n\n\n","protected":false},"excerpt":{"rendered":"<p>Principal de los Libros, 2019<\/p>\n","protected":false},"author":2,"featured_media":0,"parent":0,"menu_order":0,"comment_status":"closed","ping_status":"closed","template":"","meta":{"footnotes":""},"class_list":["post-496","page","type-page","status-publish","hentry"],"_links":{"self":[{"href":"https:\/\/lauramanzanera.com\/index.php?rest_route=\/wp\/v2\/pages\/496","targetHints":{"allow":["GET"]}}],"collection":[{"href":"https:\/\/lauramanzanera.com\/index.php?rest_route=\/wp\/v2\/pages"}],"about":[{"href":"https:\/\/lauramanzanera.com\/index.php?rest_route=\/wp\/v2\/types\/page"}],"author":[{"embeddable":true,"href":"https:\/\/lauramanzanera.com\/index.php?rest_route=\/wp\/v2\/users\/2"}],"replies":[{"embeddable":true,"href":"https:\/\/lauramanzanera.com\/index.php?rest_route=%2Fwp%2Fv2%2Fcomments&post=496"}],"version-history":[{"count":7,"href":"https:\/\/lauramanzanera.com\/index.php?rest_route=\/wp\/v2\/pages\/496\/revisions"}],"predecessor-version":[{"id":738,"href":"https:\/\/lauramanzanera.com\/index.php?rest_route=\/wp\/v2\/pages\/496\/revisions\/738"}],"wp:attachment":[{"href":"https:\/\/lauramanzanera.com\/index.php?rest_route=%2Fwp%2Fv2%2Fmedia&parent=496"}],"curies":[{"name":"wp","href":"https:\/\/api.w.org\/{rel}","templated":true}]}}