{"id":511,"date":"2026-01-18T17:32:42","date_gmt":"2026-01-18T17:32:42","guid":{"rendered":"https:\/\/lauramanzanera.com\/?page_id=511"},"modified":"2026-02-01T17:02:49","modified_gmt":"2026-02-01T17:02:49","slug":"del-corse-al-tanga","status":"publish","type":"page","link":"https:\/\/lauramanzanera.com\/?page_id=511","title":{"rendered":"Del cors\u00e9 al tanga"},"content":{"rendered":"\n\n\n<div class=\"wp-block-columns is-layout-flex wp-container-core-columns-is-layout-9d6595d7 wp-block-columns-is-layout-flex\">\n<div class=\"wp-block-column is-layout-flow wp-block-column-is-layout-flow\" style=\"flex-basis:33.33%\">\n<figure class=\"wp-block-image size-large\"><img loading=\"lazy\" decoding=\"async\" width=\"652\" height=\"1024\" src=\"https:\/\/lauramanzanera.com\/wp-content\/uploads\/2026\/01\/corse-tamano-652x1024.jpg\" alt=\"\" class=\"wp-image-479\" srcset=\"https:\/\/lauramanzanera.com\/wp-content\/uploads\/2026\/01\/corse-tamano-652x1024.jpg 652w, https:\/\/lauramanzanera.com\/wp-content\/uploads\/2026\/01\/corse-tamano-191x300.jpg 191w, https:\/\/lauramanzanera.com\/wp-content\/uploads\/2026\/01\/corse-tamano-768x1206.jpg 768w, https:\/\/lauramanzanera.com\/wp-content\/uploads\/2026\/01\/corse-tamano-978x1536.jpg 978w, https:\/\/lauramanzanera.com\/wp-content\/uploads\/2026\/01\/corse-tamano.jpg 1019w\" sizes=\"auto, (max-width: 652px) 100vw, 652px\" \/><\/figure>\n<\/div>\n\n\n\n<div class=\"wp-block-column is-layout-flow wp-block-column-is-layout-flow\" style=\"flex-basis:66.66%\">\n<details class=\"wp-block-details is-layout-flow wp-block-details-is-layout-flow\"><summary>\u00bfPor qu\u00e9, en cuestiones de moda, tambi\u00e9n es v\u00e1lida la m\u00e1xima Spain is different? \u00bfC\u00f3mo super\u00f3 el pa\u00eds su complejo de inferioridad frente a la poderosa Francia? \u00bfCu\u00e1ndo empez\u00f3 a hablarse de moda espa\u00f1ola? \u00bfQu\u00e9 han aportado los grandes creadores patrios?Este libro no es un manual de estilo ni una gu\u00eda de tendencias. Es una historia de Espa\u00f1a y de los espa\u00f1oles bajo el prisma del vestir. Arranca en tiempos de Alfonso XIII, cuando la moda era solo cosa de ricos, y finaliza en pleno siglo XXI, cuando ya lo es de todos. Y, por el camino, la moda se moderniza con la Segunda Rep\u00fablica, se paraliza con la guerra, se mutila con el franquismo, se democratiza con la Transici\u00f3n, se libera con la Movida madrile\u00f1a y se globaliza con el nuevo milenio hasta ser virtual y ef\u00edmera como Internet.Este ameno y riguroso trabajo de Laura Manzanera cubre de la alta costura al pr\u00eat-\u00e0-porter; de la \u00abA\u00bb del almid\u00f3n de las enaguas a la \u00abZ\u00bb de Zara, la marca espa\u00f1ola que ha conquistado el planeta. De los miri\u00f1aques a la minifalda, del delantal al traje chaqueta, de las enaguas a los pantalones, de la mantilla al top, de la bata de boatin\u00e9 al ch\u00e1ndal, del cors\u00e9 al tanga. Un viaje en el tiempo y un espejo en que mirarnos para descubrir c\u00f3mo hemos cambiado por fuera y por dentro.<\/summary>\n<p><\/p>\n<\/details>\n<\/div>\n<\/div>\n\n\n\n<p>Pen\u00ednsula, 2011<\/p>\n\n\n","protected":false},"excerpt":{"rendered":"<p>Pen\u00ednsula, 2011<\/p>\n","protected":false},"author":2,"featured_media":0,"parent":0,"menu_order":0,"comment_status":"closed","ping_status":"closed","template":"","meta":{"footnotes":""},"class_list":["post-511","page","type-page","status-publish","hentry"],"_links":{"self":[{"href":"https:\/\/lauramanzanera.com\/index.php?rest_route=\/wp\/v2\/pages\/511","targetHints":{"allow":["GET"]}}],"collection":[{"href":"https:\/\/lauramanzanera.com\/index.php?rest_route=\/wp\/v2\/pages"}],"about":[{"href":"https:\/\/lauramanzanera.com\/index.php?rest_route=\/wp\/v2\/types\/page"}],"author":[{"embeddable":true,"href":"https:\/\/lauramanzanera.com\/index.php?rest_route=\/wp\/v2\/users\/2"}],"replies":[{"embeddable":true,"href":"https:\/\/lauramanzanera.com\/index.php?rest_route=%2Fwp%2Fv2%2Fcomments&post=511"}],"version-history":[{"count":4,"href":"https:\/\/lauramanzanera.com\/index.php?rest_route=\/wp\/v2\/pages\/511\/revisions"}],"predecessor-version":[{"id":600,"href":"https:\/\/lauramanzanera.com\/index.php?rest_route=\/wp\/v2\/pages\/511\/revisions\/600"}],"wp:attachment":[{"href":"https:\/\/lauramanzanera.com\/index.php?rest_route=%2Fwp%2Fv2%2Fmedia&parent=511"}],"curies":[{"name":"wp","href":"https:\/\/api.w.org\/{rel}","templated":true}]}}

Del corsé al tanga

<div class="wp-block-columns is-layout-flex wp-container-core-columns-is-layout-9d6595d7 wp-block-columns-is-layout-flex">
<div class="wp-block-column is-layout-flow wp-block-column-is-layout-flow" style="flex-basis:33.33%">
<figure class="wp-block-image size-large"><img loading="lazy" decoding="async" width="652" height="1024" src="https://lauramanzanera.com/wp-content/uploads/2026/01/corse-tamano-652x1024.jpg" alt="" class="wp-image-479" srcset="https://lauramanzanera.com/wp-content/uploads/2026/01/corse-tamano-652x1024.jpg 652w, https://lauramanzanera.com/wp-content/uploads/2026/01/corse-tamano-191x300.jpg 191w, https://lauramanzanera.com/wp-content/uploads/2026/01/corse-tamano-768x1206.jpg 768w, https://lauramanzanera.com/wp-content/uploads/2026/01/corse-tamano-978x1536.jpg 978w, https://lauramanzanera.com/wp-content/uploads/2026/01/corse-tamano.jpg 1019w" sizes="auto, (max-width: 652px) 100vw, 652px" /></figure>
</div>



<div class="wp-block-column is-layout-flow wp-block-column-is-layout-flow" style="flex-basis:66.66%">
<details class="wp-block-details is-layout-flow wp-block-details-is-layout-flow"><summary>¿Por qué, en cuestiones de moda, también es válida la máxima Spain is different? ¿Cómo superó el país su complejo de inferioridad frente a la poderosa Francia? ¿Cuándo empezó a hablarse de moda española? ¿Qué han aportado los grandes creadores patrios?Este libro no es un manual de estilo ni una guía de tendencias. Es una historia de España y de los españoles bajo el prisma del vestir. Arranca en tiempos de Alfonso XIII, cuando la moda era solo cosa de ricos, y finaliza en pleno siglo XXI, cuando ya lo es de todos. Y, por el camino, la moda se moderniza con la Segunda República, se paraliza con la guerra, se mutila con el franquismo, se democratiza con la Transición, se libera con la Movida madrileña y se globaliza con el nuevo milenio hasta ser virtual y efímera como Internet.Este ameno y riguroso trabajo de Laura Manzanera cubre de la alta costura al prêt-à-porter; de la «A» del almidón de las enaguas a la «Z» de Zara, la marca española que ha conquistado el planeta. De los miriñaques a la minifalda, del delantal al traje chaqueta, de las enaguas a los pantalones, de la mantilla al top, de la bata de boatiné al chándal, del corsé al tanga. Un viaje en el tiempo y un espejo en que mirarnos para descubrir cómo hemos cambiado por fuera y por dentro.</summary>
<p></p>
</details>
</div>
</div>



<p>Península, 2011</p>

<p>Península, 2011</p>
